.
2, 19, 73
Let k(j) = 2*j**2 + 52*j + 50. Let a be k(-25). Suppose -2*p - 5*z + 162 + 422 = a, 2*z - 8 = 0. What are the prime factors of p?
2, 3, 47
Let t(x) = 10*x**2 + 154*x + 66. Let d be t(-15). Let l be ((-688)/10)/(3/(-15)). Suppose d*g - l = 2*g. What are the prime factors of g?
2, 43
Suppose 0 = -61*k + 29*k + 35*k - 285918. What are the prime factors of k?
2, 47653
Let f = 250 - 130. Suppose f + 82 = 2*s. List the prime factors of s.
101
Suppose 2*i = -2*h + 14938, 2*i + 33*h - 14943 = 32*h. What are the prime factors of i?
2, 37, 101
Let c(k) = 2*k + 14. Let r(p) = 10*p + 74. Let y(d) = -14*c(d) + 3*r(d). Let w be (-6 - 0) + 3 + 14. What are the prime factors of y(w)?
2, 3
Let u = -3277 - -20486. What are the prime factors of u?
17209
Let j(z) = -z**2 + 10*z + 60. Let y be j(-4). Suppose 3*w + 12 = -3, 5*p + y*w = 560. List the prime factors of p.
2, 29
Suppose -5*j = -3*j - 8. Let w be 3 - (4 + 0 - j). Suppose 4*f - 426 = 2*q, -q = 4*f + w*q - 396. List the prime factors of f.
2, 13
Suppose 5*m = -5*g, 4*g + 5*m = 9*m + 40. Let r be 1/(1/512)*1. Suppose -75 + r = g*c - 2*t, 4*c = t + 349. What are the prime factors of c?
3, 29
Let j = -234 - -93. Suppose -2*t = 5*p - 437, -3*t - 5*p + 920 = 277. Let u = j + t. List the prime factors of u.
5, 13
Suppose -m + 4*w + 1449 + 18155 = 0, -2*m - 3*w + 39208 = 0. What are the prime factors of m?
2, 13, 29
Let b(x) = -900*x + 389. What are the prime factors of b(-3)?
3089
Suppose -4*g = -2*g - 5*a - 21, -3*a - 15 = 0. Let d be (7 - g)*(-7 + 6). Let x = d + 19. What are the prime factors of x?
2, 5
Let h be (1 - 0)*1*(2 + -1). Let d be h + (-5 - (3 + -4)). Let n(u) = 4*u**2 + 4*u + 10. What are the prime factors of n(d)?
2, 17
List the prime factors of (-7 - (-19 + 24)) + 55530.
2, 3, 19, 487
Suppose -26*r + 129720 = -18*r. What are the prime factors of r?
3, 5, 23, 47
Suppose 4*d - 13*d - 72 = 0. Let w be (1 + (-84)/d)*10. Suppose w = -2*n + 4*n + 5*o, -o + 65 = n. List the prime factors of n.
2, 5, 7
Let a = -5043 + 11338. What are the prime factors of a?
5, 1259
Suppose -217*p = 359529 - 10667925 + 1825215. What are the prime factors of p?
3, 83, 157
What are the prime factors of 2258883/55 + (-32)/20?
7, 5867
Let u = -22 - 3. What are the prime factors of ((-30)/u)/(6/5385)?
3, 359
List the prime factors of 10 + 4610/20*(17 + 349).
139, 607
Let r = 96 + -96. Suppose w - 1 = 5*j, -4*j = -r + 4. What are the prime factors of 1 + (20/w - -42)?
2, 19
Suppose -17*s + 200654 = 188013 - 464396. List the prime factors of s.
11, 2551
Suppose 18*k = -51*k + 13386. Let d = 5 + -92. Let x = k + d. List the prime factors of x.
107
Suppose 5*f - 57 = -3*a, -18*a + 13*a = 5. Suppose -f*k = -7*k - 100. List the prime factors of k.
2, 5
Let l = -26 - -58. Let y be 8*(24/(-32))/((-12)/(-8)). Let h = y + l. List the prime factors of h.
2, 7
Let h(o) be the first derivative of o**4/4 - 2*o**3 + 6*o**2 - 9. Let p be h(5). Suppose -m = -2*m + 4*x + 31, -3*x = -m + p. List the prime factors of m.
47
Let k(j) = 2*j - 50. Let u be k(25). Let w be (-3)/(3 - (4 + u)). What are the prime factors of -41*((-9)/w)/3?
41
Let v(i) = 656*i + 3132. List the prime factors of v(80).
2, 13903
Suppose -15*z = -20*z + 10500. List the prime factors of (z/45)/((-2)/(-12)).
2, 5, 7
Suppose 33*r = 60*r - 41*r + 97510. List the prime factors of r.
5, 7, 199
Let n(u) = 3*u**2 + 130*u + 145. Let m(g) = -2*g**2 - 87*g - 96. Let a(i) = -7*m(i) - 5*n(i). List the prime factors of a(-36).
127
Let p = 7021 - 3812. What are the prime factors of p?
3209
Suppose 0 = -25*u + 20*u + 750. Suppose -154*a + u*a + 2452 = 0. List the prime factors of a.
613
Let c be ((-6)/4 - -3)/(18/9156). Suppose 7*j - 2163 = c. List the prime factors of j.
2, 11, 19
What are the prime factors of (-2732805)/(-65) - (48/(-78))/(-4)?
42043
Let y be -3 + 5 - (-2 - 1). Suppose 2*u + 2*d = -d + 6, -3*u = -y*d - 9. Suppose 5*v - 83 = g, -2*v = -4*v + u*g + 28. List the prime factors of v.
17
Suppose 18*c - 14*c = 4*j - 548, 2*j - 274 = c. Let a = j - -180. What are the prime factors of a?
317
Let r(p) = -8*p**2 + 84*p + 2. Let j be r(7). Suppose 1724 = 4*n - 0*n - 4*y, -5*n = -y - 2159. Suppose 3*t - j = n. List the prime factors of t.
2, 3, 5, 7
Let g be ((-12)/6)/((-2)/(-4)). What are the prime factors of (-1 + 0)/(2*g/376)?
47
Let m(t) = t + 9. Let f be m(-11). Let d be f - (-1 + 0/1)*4. Suppose 7*v + 4*b = 2*v + 501, 4*v + d*b = 396. List the prime factors of v.
97
Let p = -73668 - -108741. What are the prime factors of p?
3, 433
Let h = -38 - -43. Suppose 4*t - 3*t + w = 82, h*w + 278 = 3*t. Let r = t - -11. List the prime factors of r.
97
Suppose -2*j - 5 = -3. Let r be (-13)/26*10/j. Suppose 0 = r*a - 19 - 16. List the prime factors of a.
7
Let q(x) = 13*x + 20. Let s(u) = 13*u + 21. Let r(i) = 7*q(i) - 6*s(i). Let l be r(-11). Let k = 219 + l. List the prime factors of k.
2, 3, 5
Suppose -p = -5*x - 1 - 18, -x - 5 = p. What are the prime factors of x/6 + (-7562)/(-57)?
2, 3, 11
Suppose 106 = a + 81. Let v = a + 640. What are the prime factors of v?
5, 7, 19
Suppose -w + 13638 = -4*a, -121*w - 6 = -124*w. Let j = a + 5021. List the prime factors of j.
2, 13, 31
List the prime factors of (-29852*1/(-5))/((-778)/(-1945)).
2, 17, 439
Let y = 2 - -340. Suppose 3*c - x = y - 3, -5*c + 545 = 5*x. List the prime factors of c.
2, 7
Suppose -812*k - 51263 = -4*c - 813*k, 2*c - 25645 = -5*k. What are the prime factors of c?
5, 11, 233
What are the prime factors of 1 + 15048 - ((-8835)/1805 + 4/(-38))?
2, 3, 13, 193
Let f(d) = 10*d**2 - 16*d + 79. Let n be f(6). Suppose -13*x = -20*x + n. List the prime factors of x.
7
Suppose -5*p + 4*p + 188 = 0. Let s be 4/8 - p/(-8). What are the prime factors of ((-17)/2)/((-4)/s)?
3, 17
Let i(k) = -11*k - 297. Let t(n) = 33*n + 889. Let b(x) = -7*i(x) - 2*t(x). List the prime factors of b(0).
7, 43
Let g(c) = c**3 - 36*c**2 + 52*c - 304. Let l be g(35). Let b be 3/(-6) + (-259)/(-2). Suppose l = 4*f - b. What are the prime factors of f?
3, 5, 7
List the prime factors of 6829 + 19/(76/(-16)).
3, 5, 7, 13
Suppose -4*n + 23407 = -u - 17094, -20267 = -2*n - 5*u. List the prime factors of n.
2, 61, 83
Let h = 8356 - 2754. What are the prime factors of h?
2, 2801
Suppose 0 = 2*a - z - 5325, 2658 = a - 17*z + 12*z. What are the prime factors of a?
2663
Suppose 676 = t - c + 116, -c + 1126 = 2*t. Let u = t + -12. Suppose -3*o + u = -5*i, 4*o = 3*o + 3*i + 190. What are the prime factors of o?
5, 7
Let a(b) = -62*b + 496. What are the prime factors of a(-72)?
2, 5, 31
Suppose 0 = 4*h - 17 - 11. Let w(q) = q**3 + 3*q**2 + q - 44. List the prime factors of w(h).
3, 151
Let l(c) = -51*c**2 + 22*c - 24 - 19*c - 1 + 63*c**2. What are the prime factors of l(4)?
179
Let o(j) = -j**3 - 12*j**2 + 31. Let l(x) = 6*x - 57. Let v be l(7). List the prime factors of o(v).
2, 353
Let v(u) = 6*u + 50. Let z be v(-15). What are the prime factors of 266/2 + 43 + z?
2, 17
Let y(u) = u**3 + u**2 - 1. Let m(f) = 7*f**3 - f**2 - 23*f - 1. Let t(q) = m(q) - 6*y(q). What are the prime factors of t(10)?
3, 5
Suppose 24 = -3*t - 129. Let v = t - -66. What are the prime factors of 5/(v/278)*(-6)/(-4)?
139
Let l = 26 - 44. Let s be (-40)/6 - (-6)/l. Let x = 54 + s. List the prime factors of x.
47
Suppose -2*z + 5*n + 8 = -3*z, -15 = 3*n. Suppose 0 = 5*o - 2*d + 128, 0 = 5*o + 2*d + 95 + z. What are the prime factors of 87/o*-2*4?
29
Let s = -28574 - -30765. List the prime factors of s.
7, 313
Suppose 2*l - 28 = 4. Suppose 4*s - 2*c - 28 = 0, 3*c + 1 = s - l. Suppose s*b = -7*b + 1488. What are the prime factors of b?
2, 31
Let z = 2748 + -1620. Suppose -u = -z + 288. What are the prime factors of u?
2, 3, 5, 7
Let q(a) = 24*a + 65. Let p be q(-10). Let v = 107 - p. What are the prime factors of v?
2, 3, 47
Let k(h) be the third derivative of 13*h**4/8 + 47*h**3/6 + 21*h**2. Let g be k(7). Let z = 464 - g. List the prime factors of z.
2, 3
Let l = 159 + -293. Let d = 289 - l. List the prime factors of d.
3, 47
Let h(n) = -31 + 247*n - 8 + 3 - 10. What are the prime factors of h(2)?
2, 7
Let m = -1173 + 1658. Suppose -m = 5*f - 0. Let d = f + 209. What are the prime factors of d?
2, 7
Let v(a) = -2869*a + 104. List the prime factors of v(-6).
2, 7, 1237
Let t(q) = 28